of g and a.
6
Let v(n) = 3*n - 3. Let b be v(6). Let j = -42 - -25. Let u = 47 + j. What is the highest common divisor of b and u?
15
Let r be 39*1 - (-17 - -21). What is the highest common factor of 28 and r?
7
Let c(s) = -s**3 + 5*s**2 - 4*s + 2. Let i be c(4). What is the greatest common factor of 10 and i?
2
Suppose 3*n + 9 = 3*g, -3*n + 10 = -g + 21. Suppose -11 + 103 = 2*c. Let b be (-1)/n + c/8. What is the highest common factor of 4 and b?
2
Suppose -4*l + 18 - 2 = 0. Suppose 3*r = -2*r + 180. Calculate the greatest common divisor of r and l.
4
Let c = 13 - 6. Suppose 0 = -q + 4*u + 65, -3*q + 161 = -2*u + c*u. What is the highest common factor of 38 and q?
19
Suppose 286 = 5*d - 3*d. Calculate the highest common factor of d and 13.
13
Let v be (-42 + 3)*(-7 + 6) - -1. What is the highest common factor of v and 16?
8
Let j = 560 + -380. Suppose 5*n + 11 = -4, 2*f + 2*n - 34 = 0. Calculate the greatest common factor of j and f.
20
Suppose 6 + 4 = 5*z. Suppose 0 = d - 1 - z. Calculate the highest common factor of 12 and d.
3
Suppose -4*f - 44 = -4*g, -7*f + 8 = 2*g - 2*f. Suppose 0 = -4*u + 34 - 6. Suppose u*c - 3*c = 12. What is the highest common factor of g and c?
3
Let h = -37 - -87. Suppose -4*k = -3*k - 20. What is the highest common divisor of h and k?
10
Suppose 0 = 3*f - 194 - 49. Calculate the highest common factor of f and 9.
9
Suppose 2*g + 126 + 104 = 4*u, 2*u - 4*g = 112. Suppose 0*c - 3*a = 2*c - 23, 4*c + 2*a = u. What is the highest common divisor of c and 176?
16
Suppose -5*h + h = -12. Let p(s) = -4*s + 3*s + 0*s + 3 + 4*s. Let d be p(3). What is the greatest common factor of d and h?
3
Suppose -3*n + 17 = -2*n + 4*k, 5*k = -5. What is the greatest common factor of n and 63?
21
Let u be ((-3)/(-2))/(14/252). What is the highest common factor of u and 9?
9
Let x be 570/50 + 2/(-5). Calculate the highest common factor of 22 and x.
11
Let u = 1 - -1. Let d(c) = -c**2 + 13*c - 32. Let k be d(5). Calculate the greatest common factor of k and u.
2
Let i = 98 - 38. Let z = -52 + 76. Calculate the highest common divisor of i and z.
12
Suppose 5*r = -37 + 107. Suppose 2*z = 4*z - r. Calculate the greatest common factor of z and 35.
7
Let p be (9/(-9))/((-2)/8). Suppose -p*j + 52 + 44 = 0. Calculate the greatest common factor of 8 and j.
8
Let c(d) = -d**3 + 14*d**2 + d + 13. Suppose 0 = -0*t + 3*t - 2*v - 52, 62 = 3*t - 4*v. Let x be c(t). Calculate the greatest common divisor of 9 and x.
9
Suppose 3*f = -f + 84. Suppose 0 = -5*k + 20 + 15. What is the highest common factor of k and f?
7
Suppose -2*n + 6*t - t + 44 = 0, -3*t - 60 = -4*n. Let c = 10 + 50. Calculate the greatest common divisor of c and n.
12
Suppose -2*w - 4 = -2*a, -2*a + w = 4*w + 6. Suppose a*l - 3*l = -6. Let j be ((-30)/(-4))/(1/l). Calculate the highest common divisor of 3 and j.
3
Let g = -12 - -5. Let m = 10 + g. What is the greatest common divisor of 12 and m?
3
Let g be (-1)/(-3 - 0) + (-141)/(-9). Calculate the greatest common factor of g and 160.
16
Let u = 36 + -12. Suppose -p = 85 - 205. What is the highest common factor of u and p?
24
Let w = 42 + -41. Calculate the highest common divisor of w and 1.
1
Let c(m) = -m**2. Let v be c(0). Suppose 2*u + v*s - 40 = -2*s, u - 2*s - 35 = 0. Calculate the greatest common factor of u and 5.
5
Let b = -21 - -38. Suppose 3*a - 250 + 46 = 0. What is the highest common divisor of a and b?
17
Suppose -l = 4 - 8. Calculate the highest common divisor of l and 6.
2
Let v(y) = -y**3 - 8*y**2 - y - 6. Let h be v(-8). Let f be 15/4 + h/8. Let p be -1*4*3/(-6). What is the highest common factor of p and f?
2
Suppose -4*x = 2*x - 18. What is the highest common factor of 21 and x?
3
Let s be (-3)/(-9) + (431/3)/1. Calculate the highest common divisor of s and 32.
16
Suppose -3*o + 6 = 2*g - 26, 3*g = 12. Suppose -a - 8 = -13. Let r be ((-50)/(-4))/a*o. Calculate the greatest common divisor of r and 5.
5
Suppose 0 = 2*q - 4*q + 20. What is the highest common divisor of q and 50?
10
Suppose 0 = c + l + 1, -5*c + 3*l + 13 = 2*l. Let g be 5/c*(-6)/(-5). Suppose v = -0*v - 3, -v + 66 = g*s. What is the greatest common divisor of s and 115?
23
Suppose -13*r - 80 = -21*r. What is the highest common divisor of r and 4?
2
Suppose -8 = -4*j + 2*j. Suppose -g - 172 = -j*p, 0 = -4*p + 5*g + 3 + 185. Suppose 3*f + 28 = 4*f. Calculate the greatest common factor of f and p.
14
Suppose 1 = -2*n + 65. Let q = -16 + n. Calculate the greatest common factor of 16 and q.
16
Let a(g) = 5*g**2 + 0*g**2 + 9*g**2 + g - 4*g**2. Let y be a(-1). What is the highest common factor of 3 and y?
3
Suppose 4*q = 5*q - 30. Suppose 2*s + 48 = 4*p, 60 = 5*p - 2*s - 2*s. Calculate the highest common factor of q and p.
6
Let f be 112/11 - 4/22. What is the highest common factor of 2 and f?
2
Let b = 3 - 5. Let i be b/(-6) + 586/6. Calculate the highest common divisor of i and 14.
14
Suppose 2*z = 2 - 16. Let k(t) = -t + 7. Let y be k(z). What is the greatest common divisor of 112 and y?
14
Suppose -3*d + 88 = -2. Suppose -4*b + 6*b = d. Suppose -3 = 3*v, 0 = -u + v - 6 + b. What is the highest common divisor of u and 8?
8
Let n = -3 + 5. Let c(k) = 4*k**3 - k**2 - 2*k. Let u be c(n). Suppose -2*s + 101 = -19. What is the highest common factor of u and s?
12
Let r(x) be the first derivative of -x**4/4 - x**3/3 - 5*x**2/2 - 5*x - 4. Let y be r(-5). What is the highest common factor of y and 15?
15
Let b be ((-54)/15)/((-4)/10). Let g be 2/5 + 87/(-30)*-34. What is the greatest common divisor of b and g?
9
Let f be 184/10*(-25)/(-10). Calculate the greatest common factor of f and 115.
23
Suppose 2*s - l + 10 = 0, l = 4*s - 7*s - 5. Let y(d) = -29*d + 1. Let n be y(s). What is the greatest common factor of n and 8?
8
Let s(j) be the first derivative of j**4/4 + 4*j**3/3 - 3*j**2 + 7*j - 1. Let t be s(-5). Let u = t + -8. Calculate the highest common factor of 2 and u.
2
Let r(i) = 0*i + 2*i - 16 - 15. Let b(v) = -v + 15. Let a(n) = 9*b(n) + 4*r(n). Let y be a(8). What is the greatest common factor of y and 6?
3
Let i be 18/12 - (-2)/4. Suppose i*d - 120 = -d. Calculate the highest common divisor of d and 8.
8
Let q be ((-3)/2)/(12/(-64)). Let i = q - 2. Let j(y) = y**2 + 2*y + 3. Let s be j(i). What is the greatest common divisor of s and 17?
17
Suppose 0 = -3*z - 2*z. Let n = z + 18. Calculate the greatest common factor of 12 and n.
6
Let j(m) = 4*m + 1. Let y be j(9). Let b(i) = 16*i - 1 + 6*i + y*i. Let c be b(2). Calculate the highest common factor of 13 and c.
13
Let l be (-3)/((-9)/2)*3. Suppose 0*k = 2*k - 2*u - l, 0 = k - 2*u + 3. Suppose k*z - 4 = 6. Calculate the greatest common factor of 22 and z.
2
Let b = -26 - -36. Let c be 53*(-2)/(-2) - 1. Let s = 92 - c. What is the highest common factor of s and b?
10
Let z = -2 - -19. Let t be (-3 - -2) + (-7)/((-35)/600). What is the highest common divisor of z and t?
17
Let a be 4*1/((-8)/(-180)). What is the highest common divisor of a and 10?
10
Let c(i) = -i**3 - 6*i**2 - i - 4. Let x be c(-6). Suppose -x*m + 35 = 3*m. Calculate the greatest common factor of m and 28.
7
Let n be (3*24/(-9))/(1/(-8)). Calculate the greatest common divisor of 8 and n.
8
Let b be 11*16 + (-9 - -7) + 1. What is the highest common factor of b and 25?
25
Let p = -25 - -73. Calculate the greatest common divisor of p and 120.
24
Let t be 18/9*(-66)/(-4). Calculate the highest common factor of t and 264.
33
Suppose 0*v = 3*v - 78. Let u(r) = 37*r - 4. Let f be u(3). Let a = 172 - f. What is the highest common divisor of v and a?
13
Let v(u) = 18*u - 2. Let j(q) = -q**2 - 3*q - 3. Let o be j(-3). Let m be v(o). Let y be m/(-9) - (-2)/(-9). What is the highest common factor of 6 and y?
6
Suppose 1 + 8 = 3*r. Let f be 2/7 - 124/(-7). Suppose w + f = r*w. What is the greatest common divisor of 27 and w?
9
Let d = -135 + 139. Let l be 37 - 2/(-4)*-4. Let g be -1 - (-2 - l*1). What is the greatest common divisor of d and g?
4
Let r(c) = -5*c - 3 - 5 - c. Let v = 6 + -14. Let s be r(v). What is the greatest common divisor of s and 10?
10
Let l be (3/2)/((-1)/12). Let z be l/(-4) + 3/(-2). Suppose 0*y = -z*y + 5*i + 15, -i = -3*y + 27. Calculate the highest common divisor of 15 and y.
5
Let l(v) = 112*v. Let h be l(1). Calculate the hi